{"id":771,"date":"2021-02-05T14:13:57","date_gmt":"2021-02-05T14:13:57","guid":{"rendered":"https:\/\/www.szilagyimarta.hu\/?page_id=771"},"modified":"2021-04-06T13:34:25","modified_gmt":"2021-04-06T13:34:25","slug":"szakmai-oneletrajz-2","status":"publish","type":"page","link":"https:\/\/www.szilagyimarta.hu\/en\/szakmai-oneletrajz-2\/","title":{"rendered":"CV"},"content":{"rendered":"<div class=\"wp-block-cover alignfull has-background-dim is-style-default\" style=\"background-image:url(https:\/\/www.szilagyimarta.hu\/wp-content\/uploads\/2021\/02\/16c_MKB-Szolnok_penztar-1024x1024-2.jpg);min-height:680px\"><div class=\"wp-block-cover__inner-container is-layout-flow wp-block-cover-is-layout-flow\">\n<div style=\"height:40px\" aria-hidden=\"true\" class=\"wp-block-spacer\"><\/div>\n\n\n\n<h1 class=\"has-text-align-center has-nv-light-bg-color has-text-color wp-block-heading\">MARTA SZILAGYI<\/h1>\n\n\n\n<div style=\"height:40px\" aria-hidden=\"true\" class=\"wp-block-spacer\"><\/div>\n\n\n\n<h3 class=\"has-text-align-center has-nv-light-bg-color has-text-color wp-block-heading\">architect \/ interior designer<\/h3>\n\n\n\n<div style=\"height:40px\" aria-hidden=\"true\" class=\"wp-block-spacer\"><\/div>\n\n\n\n<h5 class=\"has-text-align-center wp-block-heading translation-block\">For us, the built space is also a natural medium for fine arts. In our interior design <br>works we collaborate with artists and applied artists.<\/h5>\n\n\n\n<div style=\"height:100px\" aria-hidden=\"true\" class=\"wp-block-spacer\"><\/div>\n\n\n\n<p class=\"wp-block-themeisle-blocks-font-awesome-icons\" id=\"wp-block-themeisle-blocks-font-awesome-icons-9994abf4\"><span class=\"wp-block-themeisle-blocks-font-awesome-icons-container\"><i class=\"fas fa-angle-down\"><\/i><\/span><\/p>\n<\/div><\/div>\n\n\n\n<section class=\"wp-block-themeisle-blocks-advanced-columns alignfull has-2-columns has-desktop-equal-layout has-tablet-equal-layout has-mobile-collapsedRows-layout has-nogap-gap has-vertical-flex-start\" id=\"wp-block-themeisle-blocks-advanced-columns-de72ff39\"><div class=\"wp-block-themeisle-blocks-advanced-columns-overlay\"><\/div><div class=\"innerblocks-wrap\">\n<div class=\"wp-block-themeisle-blocks-advanced-column\" id=\"wp-block-themeisle-blocks-advanced-column-41f6cecb\">\n<div class=\"wp-block-image\"><figure class=\"alignright size-large is-resized\"><img loading=\"lazy\" decoding=\"async\" src=\"https:\/\/www.szilagyimarta.hu\/wp-content\/uploads\/2021\/04\/SzilagyiMarta_IMG_0037-710x1024.jpg\" alt=\"\" class=\"wp-image-1387\" width=\"266\" height=\"383\" srcset=\"https:\/\/www.szilagyimarta.hu\/wp-content\/uploads\/2021\/04\/SzilagyiMarta_IMG_0037-710x1024.jpg 710w, https:\/\/www.szilagyimarta.hu\/wp-content\/uploads\/2021\/04\/SzilagyiMarta_IMG_0037-208x300.jpg 208w, https:\/\/www.szilagyimarta.hu\/wp-content\/uploads\/2021\/04\/SzilagyiMarta_IMG_0037-768x1108.jpg 768w, https:\/\/www.szilagyimarta.hu\/wp-content\/uploads\/2021\/04\/SzilagyiMarta_IMG_0037-8x12.jpg 8w, https:\/\/www.szilagyimarta.hu\/wp-content\/uploads\/2021\/04\/SzilagyiMarta_IMG_0037.jpg 1062w\" sizes=\"(max-width: 266px) 100vw, 266px\" \/><\/figure><\/div>\n<\/div>\n\n\n\n<div class=\"wp-block-themeisle-blocks-advanced-column\" id=\"wp-block-themeisle-blocks-advanced-column-5af0a9d5\">\n<h3 class=\"has-text-align-left has-neve-link-hover-color-color has-text-color wp-block-heading translation-block\">PROFESSIONAL CURRICULUM VITAE<\/h3>\n\n\n\n<h5 class=\"has-neve-link-hover-color-color has-text-color wp-block-heading\">STUDIES<\/h5>\n\n\n\n<p class=\"has-neve-link-hover-color-color has-text-color translation-block\">1984: Budapest University of Applied Arts, Department of Interior Design <br>\n1975: Technical University, Department of Architecture and Urban Planning, <br>Cluj-Napoca<\/p>\n\n\n\n<h5 class=\"has-neve-link-hover-color-color has-text-color wp-block-heading\">MEMBERSHIPS<\/h5>\n\n\n\n<p class=\"has-neve-link-hover-color-color has-text-color translation-block\">Hungarian Chamber of Architects <br>\nHungarian Chamber of Interior Architects <br>\nNational Association of Hungarian Artists <br>\nHungarian Interior Designers Association<\/p>\n\n\n\n<h5 class=\"has-neve-link-hover-color-color has-text-color wp-block-heading\">FEES<\/h5>\n\n\n\n<p class=\"has-neve-link-hover-color-color has-text-color translation-block\">S\u00e1ndor Bed\u00e9cs Award 1984 <br>\nDesign Level Award 1985<\/p>\n\n\n\n<h5 class=\"has-neve-link-hover-color-color has-text-color wp-block-heading\">ACTIVITIES<\/h5>\n\n\n\n<p class=\"has-neve-link-hover-color-color has-text-color translation-block\">2004 Establishment of Erlin Gallery Nonprofit Ltd. <br>\n1992 Founding of  Erlin Contemporary Art Gallery\nSince <br>1988 freelancer architect and interior designer. <br>\n1984-88 Szolnok County Council Design Company - interior designer<\/p>\n\n\n\n<h5 class=\"has-neve-link-hover-color-color has-text-color wp-block-heading\">PROJECTS \/ SELECTION<\/h5>\n\n\n\n<p class=\"has-neve-link-hover-color-color has-text-color translation-block\">Hungarian Foreign Trade Bank, Szolnok \u2022 APEH headquarter, Szolnok \u2022 CWAG Bank, Budapest, Trade Center \u2022 Price Waterhouse headquarter, Budapest \u2022 HIB Trade Office, Budapest \u2022 Magyar Nemzeti Bank, Szolnok \u2022  Hungarian Foreign Trade Bank, Budapest V. \u2022 OTP Bank, Budapest XVIII. \u2022 K&amp;H Bank, Paks;\u2022  Erlin Gallery, Budapest IX.;\u2022  HI-Care Center, Budapest III.\u2022  Hotel Attila, Budapest \u2022 AT&amp;T Hungary headquarter, Budapest;\u2022  Sz\u00fcrol Office Building, Budapest XIV.\u2022  MEH, K\u00e9k Duna Sporttelep, G\u00f6d \u2022 Hotel Mediteran, Budapest \u2022 Education Center, Le\u00e1nyfalu \u2022 ISM, KSI Sport Hotel Budapest \u2022 Polus Palace Golf Club Hotel, G\u00f6d \u2022 Hotel Azur Siofok \u2022 Birs Bistro, Budapest IX. \u2022 Center for Indian Studies, Auroville, India \u2022  Istanbul Restaurant, Budapest \u2022 Lurdy House, Restaurant, Budapest \u2022<\/p>\n\n\n\n<h5 class=\"has-neve-link-hover-color-color has-text-color wp-block-heading\">FINE ART EXHIBITIONS AND ART COLONIES<\/h5>\n\n\n\n<p class=\"has-neve-link-hover-color-color has-text-color translation-block\">Organic Wave, Vaithikuppam, Pondicherry, India, 2017 - Land art \nPost Contemporary Wave, Embalan, Pondicherry, India, 2017 - Public art \nPost Contemporary Wave, Auroville, India, 2018 - Land art \nBangla Biennial, organized by Narrative Movements, Komdhara, Hooghly, India, 2019 - Land art \n\u201cApplied arts in interior design\u201d, MMA Budapest, 2019 - Group exhibition \nBangla Biennial, Hungarian Pavilion, Komdhara, Hooghly, India, 2019 - Group exhibition<\/p>\n\n\n\n<h5 class=\"has-neve-link-hover-color-color has-text-color wp-block-heading\">M\u0170V\u00c9SZTELEPEK<\/h5>\n\n\n\n<p class=\"has-text-color translation-block\" style=\"color:#e1ca94\">In addition to design activities, we operate our Erlin Contemporary Art Gallery under Erlin Gallery Nonprofit Ltd. (see: www.erlin.hu)<\/p>\n<\/div>\n<\/div><\/section>\n\n\n\n<section class=\"wp-block-themeisle-blocks-advanced-columns alignfull has-1-columns has-desktop-equal-layout has-tablet-equal-layout has-mobile-equal-layout has-nogap-gap has-vertical-flex-start\" id=\"wp-block-themeisle-blocks-advanced-columns-7e083805\"><div class=\"wp-block-themeisle-blocks-advanced-columns-overlay\"><\/div><div class=\"innerblocks-wrap\">\n<div class=\"wp-block-themeisle-blocks-advanced-column\" id=\"wp-block-themeisle-blocks-advanced-column-722b7112\">\n<p class=\"wp-block-themeisle-blocks-font-awesome-icons\" id=\"wp-block-themeisle-blocks-font-awesome-icons-bf391a3d\"><span class=\"wp-block-themeisle-blocks-font-awesome-icons-container\"><i class=\"fab fa-facebook-f\"><\/i><\/span><\/p>\n\n\n\n<p class=\"has-text-align-center has-neve-link-hover-color-color has-text-color translation-block\">Phone: +36 20 7751711<br> Contact@szilagyimarta.hu<br>\nOffice: 2090 Remetesz\u0151l\u0151s, Patak s\u00e9t\u00e1ny 94.<\/p>\n<\/div>\n<\/div><\/section>\n\n\n\n<p><\/p>","protected":false},"excerpt":{"rendered":"","protected":false},"author":1,"featured_media":0,"parent":0,"menu_order":0,"comment_status":"closed","ping_status":"closed","template":"page-templates\/template-pagebuilder-full-width.php","meta":{"neve_meta_sidebar":"","neve_meta_container":"","neve_meta_enable_content_width":"","neve_meta_content_width":0,"neve_meta_title_alignment":"right","neve_meta_author_avatar":"","neve_post_elements_order":"","neve_meta_disable_header":"","neve_meta_disable_footer":"","neve_meta_disable_title":"","_themeisle_gutenberg_block_has_review":false,"_ti_tpc_template_sync":false,"_ti_tpc_template_id":"","footnotes":""},"_links":{"self":[{"href":"https:\/\/www.szilagyimarta.hu\/en\/wp-json\/wp\/v2\/pages\/771"}],"collection":[{"href":"https:\/\/www.szilagyimarta.hu\/en\/wp-json\/wp\/v2\/pages"}],"about":[{"href":"https:\/\/www.szilagyimarta.hu\/en\/wp-json\/wp\/v2\/types\/page"}],"author":[{"embeddable":true,"href":"https:\/\/www.szilagyimarta.hu\/en\/wp-json\/wp\/v2\/users\/1"}],"replies":[{"embeddable":true,"href":"https:\/\/www.szilagyimarta.hu\/en\/wp-json\/wp\/v2\/comments?post=771"}],"version-history":[{"count":22,"href":"https:\/\/www.szilagyimarta.hu\/en\/wp-json\/wp\/v2\/pages\/771\/revisions"}],"predecessor-version":[{"id":1388,"href":"https:\/\/www.szilagyimarta.hu\/en\/wp-json\/wp\/v2\/pages\/771\/revisions\/1388"}],"wp:attachment":[{"href":"https:\/\/www.szilagyimarta.hu\/en\/wp-json\/wp\/v2\/media?parent=771"}],"curies":[{"name":"wp","href":"https:\/\/api.w.org\/{rel}","templated":true}]}}

<div class="wp-block-cover alignfull has-background-dim is-style-default" style="background-image:url(https://www.szilagyimarta.hu/wp-content/uploads/2021/02/16c_MKB-Szolnok_penztar-1024x1024-2.jpg);min-height:680px"><div class="wp-block-cover__inner-container is-layout-flow wp-block-cover-is-layout-flow">
<div style="height:40px" aria-hidden="true" class="wp-block-spacer"></div>



<h1 class="has-text-align-center has-nv-light-bg-color has-text-color wp-block-heading">MARTA SZILAGYI</h1>



<div style="height:40px" aria-hidden="true" class="wp-block-spacer"></div>



<h3 class="has-text-align-center has-nv-light-bg-color has-text-color wp-block-heading">architect / interior designer</h3>



<div style="height:40px" aria-hidden="true" class="wp-block-spacer"></div>



<h5 class="has-text-align-center wp-block-heading translation-block">For us, the built space is also a natural medium for fine arts. In our interior design <br>works we collaborate with artists and applied artists.</h5>



<div style="height:100px" aria-hidden="true" class="wp-block-spacer"></div>



<p class="wp-block-themeisle-blocks-font-awesome-icons" id="wp-block-themeisle-blocks-font-awesome-icons-9994abf4"><span class="wp-block-themeisle-blocks-font-awesome-icons-container"><i class="fas fa-angle-down"></i></span></p>
</div></div>



<section class="wp-block-themeisle-blocks-advanced-columns alignfull has-2-columns has-desktop-equal-layout has-tablet-equal-layout has-mobile-collapsedRows-layout has-nogap-gap has-vertical-flex-start" id="wp-block-themeisle-blocks-advanced-columns-de72ff39"><div class="wp-block-themeisle-blocks-advanced-columns-overlay"></div><div class="innerblocks-wrap">
<div class="wp-block-themeisle-blocks-advanced-column" id="wp-block-themeisle-blocks-advanced-column-41f6cecb">
<div class="wp-block-image"><figure class="alignright size-large is-resized"><img loading="lazy" decoding="async" src="https://www.szilagyimarta.hu/wp-content/uploads/2021/04/SzilagyiMarta_IMG_0037-710x1024.jpg" alt="" class="wp-image-1387" width="266" height="383" srcset="https://www.szilagyimarta.hu/wp-content/uploads/2021/04/SzilagyiMarta_IMG_0037-710x1024.jpg 710w, https://www.szilagyimarta.hu/wp-content/uploads/2021/04/SzilagyiMarta_IMG_0037-208x300.jpg 208w, https://www.szilagyimarta.hu/wp-content/uploads/2021/04/SzilagyiMarta_IMG_0037-768x1108.jpg 768w, https://www.szilagyimarta.hu/wp-content/uploads/2021/04/SzilagyiMarta_IMG_0037-8x12.jpg 8w, https://www.szilagyimarta.hu/wp-content/uploads/2021/04/SzilagyiMarta_IMG_0037.jpg 1062w" sizes="(max-width: 266px) 100vw, 266px" /></figure></div>
</div>



<div class="wp-block-themeisle-blocks-advanced-column" id="wp-block-themeisle-blocks-advanced-column-5af0a9d5">
<h3 class="has-text-align-left has-neve-link-hover-color-color has-text-color wp-block-heading translation-block">PROFESSIONAL CURRICULUM VITAE</h3>



<h5 class="has-neve-link-hover-color-color has-text-color wp-block-heading">STUDIES</h5>



<p class="has-neve-link-hover-color-color has-text-color translation-block">1984: Budapest University of Applied Arts, Department of Interior Design <br>
1975: Technical University, Department of Architecture and Urban Planning, <br>Cluj-Napoca</p>



<h5 class="has-neve-link-hover-color-color has-text-color wp-block-heading">MEMBERSHIPS</h5>



<p class="has-neve-link-hover-color-color has-text-color translation-block">Hungarian Chamber of Architects <br>
Hungarian Chamber of Interior Architects <br>
National Association of Hungarian Artists <br>
Hungarian Interior Designers Association</p>



<h5 class="has-neve-link-hover-color-color has-text-color wp-block-heading">FEES</h5>



<p class="has-neve-link-hover-color-color has-text-color translation-block">Sándor Bedécs Award 1984 <br>
Design Level Award 1985</p>



<h5 class="has-neve-link-hover-color-color has-text-color wp-block-heading">ACTIVITIES</h5>



<p class="has-neve-link-hover-color-color has-text-color translation-block">2004 Establishment of Erlin Gallery Nonprofit Ltd. <br>
1992 Founding of  Erlin Contemporary Art Gallery
Since <br>1988 freelancer architect and interior designer. <br>
1984-88 Szolnok County Council Design Company - interior designer</p>



<h5 class="has-neve-link-hover-color-color has-text-color wp-block-heading">PROJECTS / SELECTION</h5>



<p class="has-neve-link-hover-color-color has-text-color translation-block">Hungarian Foreign Trade Bank, Szolnok • APEH headquarter, Szolnok • CWAG Bank, Budapest, Trade Center • Price Waterhouse headquarter, Budapest • HIB Trade Office, Budapest • Magyar Nemzeti Bank, Szolnok •  Hungarian Foreign Trade Bank, Budapest V. • OTP Bank, Budapest XVIII. • K&amp;H Bank, Paks;•  Erlin Gallery, Budapest IX.;•  HI-Care Center, Budapest III.•  Hotel Attila, Budapest • AT&amp;T Hungary headquarter, Budapest;•  Szürol Office Building, Budapest XIV.•  MEH, Kék Duna Sporttelep, Göd • Hotel Mediteran, Budapest • Education Center, Leányfalu • ISM, KSI Sport Hotel Budapest • Polus Palace Golf Club Hotel, Göd • Hotel Azur Siofok • Birs Bistro, Budapest IX. • Center for Indian Studies, Auroville, India •  Istanbul Restaurant, Budapest • Lurdy House, Restaurant, Budapest •</p>



<h5 class="has-neve-link-hover-color-color has-text-color wp-block-heading">FINE ART EXHIBITIONS AND ART COLONIES</h5>



<p class="has-neve-link-hover-color-color has-text-color translation-block">Organic Wave, Vaithikuppam, Pondicherry, India, 2017 - Land art 
Post Contemporary Wave, Embalan, Pondicherry, India, 2017 - Public art 
Post Contemporary Wave, Auroville, India, 2018 - Land art 
Bangla Biennial, organized by Narrative Movements, Komdhara, Hooghly, India, 2019 - Land art 
“Applied arts in interior design”, MMA Budapest, 2019 - Group exhibition 
Bangla Biennial, Hungarian Pavilion, Komdhara, Hooghly, India, 2019 - Group exhibition</p>



<h5 class="has-neve-link-hover-color-color has-text-color wp-block-heading">MŰVÉSZTELEPEK</h5>



<p class="has-text-color translation-block" style="color:#e1ca94">In addition to design activities, we operate our Erlin Contemporary Art Gallery under Erlin Gallery Nonprofit Ltd. (see: www.erlin.hu)</p>
</div>
</div></section>



<section class="wp-block-themeisle-blocks-advanced-columns alignfull has-1-columns has-desktop-equal-layout has-tablet-equal-layout has-mobile-equal-layout has-nogap-gap has-vertical-flex-start" id="wp-block-themeisle-blocks-advanced-columns-7e083805"><div class="wp-block-themeisle-blocks-advanced-columns-overlay"></div><div class="innerblocks-wrap">
<div class="wp-block-themeisle-blocks-advanced-column" id="wp-block-themeisle-blocks-advanced-column-722b7112">
<p class="wp-block-themeisle-blocks-font-awesome-icons" id="wp-block-themeisle-blocks-font-awesome-icons-bf391a3d"><span class="wp-block-themeisle-blocks-font-awesome-icons-container"><i class="fab fa-facebook-f"></i></span></p>



<p class="has-text-align-center has-neve-link-hover-color-color has-text-color translation-block">Phone: +36 20 7751711<br> Contact@szilagyimarta.hu<br>
Office: 2090 Remeteszőlős, Patak sétány 94.</p>
</div>
</div></section>



<p></p>
